9 - (-3 - -25 - 11))?
-99
What is 0 + 7 + -12 + -7 + -34 - -10?
-36
Evaluate -14 - (51 + -15 - 53).
3
What is (-9 - ((5 - 9 - 2) + 2)) + 50 + -51?
-6
What is the value of -22 + 1 + 3462 + -3422?
19
What is the value of -20 + -14 + 23 + -5 - 27 - 10?
-53
Calculate -89 + (-26 + 48 - -26).
-41
What is 30 + (102 - 41 - 156)?
-65
-16 - -92 - (0 + 31 + 88 + -101)
58
Calculate 9 + 25 + (-10 - -19 - (5 - 0) - 6).
32
What is (-13 - 151 - -44) + 84?
-36
What is the value of 0 - 0 - ((72 + 16 - 36) + -20)?
-32
3 + (-39 - ((21 - 36) + -2)) - -90
71
What is 585 - 546 - (1 + (-1 - 1) + -1)?
41
-60 - -49 - (-4 - -2) - 7 - -86
70
What is 0 + -3 + (134 - 114) + 38?
55
-19 + 91 - (-30 + 17 + -9 - (-10 - -2))
86
What is -10 + (60 - 115) + 119?
54
What is -4 + (9 + 3 - (-11 - (37 + -41)))?
15
Calculate 15 + -37 + 18 + (-8 - -6 - -38).
32
1 + -5 + 13 - (6 + (-78 - (-3 - -15)))
93
Evaluate -6 + (-7 + 18 - (1 - (-6 - -12 - 5))).
5
Evaluate -1 + -9 + -114 + 78 + 23.
-23
Evaluate (70 + -46 - (-1 + -5)) + 13 + -6.
37
What is the value of -56 + -54 + (121 - 54)?
-43
Calculate -1 + -13 + (-7 + 50 - 41) - -4.
-8
Calculate -34 - -40 - (-10 - (-2 + -1) - 9).
22
What is the value of (-24 - (-35 + 1)) + -22 + -1 + 5?
-8
Evaluate (6 + 51 - 81) + (4 - -2).
-18
Calculate (46 - 1) + (52 + -47 - -1) + (-1 - 0).
50
-16 + -1 - (-1 - -1) - ((-107 - -77) + 28)
-15
Evaluate 5 + (-12 + 7 - 5) + (6 - 6) + 58.
53
142 + -51 + 3 + -50
44
(-3 + -14 - -2 - 1) + -30 + 16
-30
What is the value of 12 + -31 + 12 + 14 - 18?
-11
What is the value of -11 + -3 + -5 + 11 + -36 - -2?
-42
13 - ((0 - -15) + (-67 - -7 - (28 - 33)))
53
What is (-34 - (46 + -32)) + (-2 - -3)?
-47
7 - 22 - (-7 + 19 + (-17 - -14))
-24
128 - (11 + (39 - 67 - -25))
120
-2 + (312 - 346) + 1 + 17 + 60
42
18 + (-2 - (0 + 12) - -15)
19
Evaluate 5 - (11 - (8 - 1)) - (-80 + 8 - 0).
73
What is the value of (3 - 3) + (40 - 31 - (66 - -1))?
-58
What is the value of (87 - 75) + 0 + (-7 - (2 - 38)) + 5?
46
Evaluate 844 - 775 - (3 - (-2 + (-4 - -1))).
61
33 - (75 - 36) - (3 + 4 + -6 - -10)
-17
Evaluate 22 - 6 - (-95 - -100).
11
What is the value of -142 + 123 + -53 + 76?
4
What is the value of -1 - (-15 + 50 - 1) - -104?
69
Calculate -550 - -604 - (5 - (2 - 2)).
49
-86 + (-83 + 118 + -36 - (1 + 1))
-89
What is the value of (29 - -66) + -135 - -54?
14
What is the value of 105 + (-53 - -1) + -34?
19
What is (-2 - 15) + (74 - 43) + -43?
-29
Evaluate (-18 - -52 - 44) + 4.
-6
Calculate 3 + (-5 - -1) + (11 - -87) + -101 + 88.
84
What is the value of (250 - 85) + (-11 - 91)?
63
Calculate (-9 + 10 - -23) + 22 + -141.
-95
Evaluate (-3 - (0 - 2) - (362 - 370)) + 59 + -5.
61
(2 - 0 - 10) + 9 + -11 + 9
-1
Calculate -17 - ((-40 - (28 - 50)) + -109).
110
-21 + -24 + (66 - 3)
18
-16 + (5 - 4) + (-7 - -10) + -16 + 19
-9
What is the value of 9 - 0 - (35 + (82 - 133))?
25
Evaluate 91 - 63 - ((-6 + 13 - -5) + -3).
19
Evaluate 67 + 0 + 84 + (-40 - 39).
72
Calculate 29 - ((-5 - (-132 + -30)) + -45).
-83
Evaluate (30 + (-1 - 17) - -25) + 7 + -1.
43
What is 4 + 1 + -1 + (0 - (9 + (15 - -46)))?
-66
What is (-32 + 3 - -10 - -10) + 61?
52
Evaluate (235 - (-291 + 479)) + -23 + 1 + 1.
26
What is -8 + 6 + -1 + 18 + -90 + -60?
-135
Calculate -4 - ((-3 - (23 - -14)) + 1).
35
8372 + -8429 + (21 - -1)
-35
15 + -8 + (5 - 58) + 9 + 7
-30
Evaluate -8 - (-58 + (-83 - -192)).
-59
Evaluate -90 + 96 + (-129 - -115).
-8
Calculate (-3 - 2 - 3) + -2 - (-138 - -181).
-53
Evaluate (0 - (-1 - 30)) + (-19 - (28 + (26 - 82))).
40
Calculate -12 + 0 + (18 - 15) - (65 - 108).
34
9 - 54 - ((0 - -2) + 16 + (1 - 15))
-49
Calculate (50 - -2) + 2818 + -2895.
-25
-25 + 18 + 14 + -39 - (-2 + 7 + -3)
-34
Calculate (4 - -8 - -26) + 8 + 0 + 1 + 1.
48
-113 + 13 + 54 + 80
34
What is 3 + -3 + (-15 - -54) + -2 + -3?
34
What is (-1 - 24) + -15 + 10 + 11 + 0 - -9?
-10
What is -12 - 4 - (-75 - 66) - -26?
151
-19 + 5 + 0 + -20 + 38
4
Calculate -47 - (125 - (73 + -4)).
-103
Calculate (1 - 12) + (15 - 14 - -11) + -73.
-72
Calculate 11 + 15 + -31 + (4 - 0 - 9 - 50).
-60
Evaluate -43 + (39 - (38 + 2)).
-44
(13 - -1) + (2 - 3) - (34288 + -34295)
20
Evaluate 5 + 0 - (-11 + -1 - ((-196 - -85) + 133)).
39
Evaluate -6 - -22 - (44 + (9 - 20)).
-17
Evaluate (-53 - (49 + -6 + -86)) + -39.
-49
What is the value of 75 + (-116 - (-74 + 11))?
22
What is the value of 23 - (89 + -59 + 77)?
-84
What is the value of (21 - 42 - -15 - -21 - (11 - 1)) + 5?
10
What is the value of -27 + (20 + -16 - (0 - -2)) + 1 + -4?
-28
Evaluate (28 - 3 - 3) + (4297 - 4264).
55
Calculate 10 + -8 + -9 + 14 + -41.
-34
-83 - (-107 - -66) - (18 - 2)
-58
Calculate (-36 - 2 - (-26 - (-41 - -10))) + 16.
-27
What is the value of -800 + 752 + (5 - -66)?
23
-34 + (-117 + -1 - (-1072 - -1050))
-130
-24 + (40 - (-22 - -7))
31
Calculate (9 - 5 - -1) + 257 + -317.
-55
What is (16 - (11 + -1) - (-26 + 37)) + -12?
-17
(168 - 18) + (3 - 9 - (15 - -1))
128
What is 30 + 1 + (3336 - 3383)?
-16
Evaluate 57 + -58 - ((6 - 6) + 9) - -63.
53
Evaluate (-27 - (-3 + -3)) + (-2 - (91 - 45)).
-69
Evaluate 842 + -795 - (0 + (8 - 2)).
41
What is the value of (0 - 129 - (1 - -1)) + -802 + 794 + -4?
-143
Evaluate (-2 - -36 - 31 - 16) + (-1 - 49).
-63
Calculate (10 - (13 + -2 + (-34 - (-9 + 2)))) + 1.
27
Evaluate 1 - (6 + (-21 + 1 - -7)) - 5.
3
What is 76 + -14 + (-23 - -7 - -19)?
65
Calculate 15 - (20 - (-2 - (-4 + 8)) - -7).
-18
What is the value of 41 + 0 + (-29 - ((-3 - 36) + 14))?
37
Evaluate 2 - (28 + -33 + -4).
11
Evaluate 126 + (30 + 9 - 58) + 4 + 1.
112
Evaluate (-25 - -1 - (16 - -53)) + (-20 - -23).
-90
Calculate -11 - (5 - ((-12 + 3 - -2) + 6) - 2).
-15
What is the value of 15 + 4 + (1 - -39 - (-549 + 549))?
59
Calculate (2 - -9) + (-81 - (8 - (-9 + 17))).
-70
What is the value of 15 + 1 + -2 + (-36 - -27) + 10?
15
What is the value of -33 - (-44 + 17) - -29 - (137 + -3)?
-111
What is 9783 - 9725 - (0 + 0)?
58
Calculate 3 + -3 - 3 - (7 - (48 + -68 - 36)).
-66
Calculate (-5 - 58) + -214 + 259.
-18
Evaluate (-40 - 1) + -427 + 437 - (4 + -4 + -1).
-30
Evaluate -79 + -1 + (10433 - 10417).
-64
What is (-5 + -5 - (-4 - -1)) + 76 + -137?
-68
Calculate 2 + -20 - (0 - 7) - (-2 - -11).
-20
Evaluate -68 - -45 - (-2 + -12) - -37.
28
What is the value of -33 + (19 - 28 - -8 - (-1 + 8 + -2))?
-39
-102 + 119 + -62 + 4 + -18 + -2
-61
What is (2 - 6 - 0) + -82 + 73 - -36 - -8?
31
Evaluate 67 + -1 + 2 + (18 - (61 + -33)).
58
Evaluate (500 - 525) + 2 + -31.
-54
Calculate -3 + 33 + -169 + (-7 - -1) + 1 + 8.
-136
What is the value of -45 + (-59 - -78) - -60?
34
(-1504 - -1485) + (0 - 52)
-71
-138 + 136 - (-4 + -4 + 4 + 52)
-50
What is -70 - (2 + -2 + 3 + 1) - (46 - 47)?
-73
Evaluate 15 - (6 + -10 - 44 - (-16 - -6 - 0)).
53
-16 - ((6 - -9) + (4 - (11 + 6)))
-18
7 - 5 - (-1 - 19) - (-18 + 26)
14
Evaluate -29 - (140 - 101) - -71.
3
Evaluate 48 + -67 - (-2 - 48) - -14.
45
Calculate 5 - (-8 + (8 - 16) + 11 - 1).
11
Calculate 195 - (173 - (36 - -17)).
75
Evaluate 12 + -14 + 12 + -3 - (-2 + 10) - 29.
-30
Calculate (85 - (221 + -77)) + -1 + (1 - -13).
-46
(37 - 104) + 49 + 92
74
Calculate 61 + -31 + -46 + 32.
16
What is the value of 2 - (-39 + -2 - -47 - (-14 - 2))?
-20
-126 - (-115 - (-21 - 74))
-106
What is (58 - 26) + -6 + -53 + 33?
6
What is the value of (26 + -79 - -89) + -90?
-54
Evaluate (23 - 0) + -313 + 329 + -12.
27
Evaluate (-26 - -12) + -79 - -50.
-43
Calculate -8 + 35 - (487 + -497 + (1 - -4)).
32
Calculate 13 - ((0 - -2) + 0 + (49 + -21 - 26)).
9
Evaluate (-52 + -17 + 47 - (-10 - 0)) + -28.
-40
Evaluate (0 - (7 - -22)) + 26.
-3
Evaluate 17 + (64 - (35 + -28 - (0 + -7))).
67
What is 77 - (-140 + 79 + 218)?
-80
Calculate -19 + -3 + 8 + 1 + -96 + 77.
-32
Calculate -764 + 808 - (0 - -63).
-19
Evaluate 22 + (93 - 54) + -21.
40
Calculate -46 + -10 - (3 + 21).
-80
-7 + -2 + -5 + (21 + 75 - (-1 - 3))
86
What is the value of 7 - (60 + -12 + 2 + 0)?
-43
Evaluate 10 + 19 - 34 - (1 + (28 - 0)).
-34
What is 69 + (11 - (14 - (-22 + (25 - -20))))?
89
What is -25 + -15 + 6 + 11 + (-7 - -12) + 6?
-12
Calculate -26 - (2 + -26 + -14).
12
What is the value of -52 + 3 - (-80 - (-69 - 17))?
-55
Evaluate -17 + (15 + -3 - 17 - -11) + -3.
-14
Evaluate (2 - (14 + -34) - 57) + -20.
-55
Calculate 80 + -12 - (13 + 14 + -30).
71
Calculate -1 + (14 - -57) - 5.
65
Calculate -9 + 28 - (-23 + -2) - 28.
16
What i